{"id":998,"date":"2020-05-05T13:00:01","date_gmt":"2020-05-05T12:00:01","guid":{"rendered":"http:\/\/arfar.com\/cpcsa\/?page_id=998"},"modified":"2020-08-30T16:57:50","modified_gmt":"2020-08-30T15:57:50","slug":"historia-do-csa","status":"publish","type":"page","link":"https:\/\/cpcsa.pt\/?page_id=998","title":{"rendered":"Hist\u00f3ria da ra\u00e7a"},"content":{"rendered":"\n<p>A hist\u00f3ria de uma ra\u00e7a \u00e9 o conhecimento que resulta da jun\u00e7\u00e3o da base documental escrita com as tradi\u00e7\u00f5es e contos transmitidos de gera\u00e7\u00e3o em gera\u00e7\u00e3o. No fundo, da cultura dos povos. Contudo, h\u00e1 um factor comum a todas as ra\u00e7as caninas actuais. Todas elas est\u00e3o indelevelmente ligadas \u00e0 evolu\u00e7\u00e3o das civiliza\u00e7\u00f5es e da humanidade, onde as migra\u00e7\u00f5es planet\u00e1rias que foram ocorrendo ao longo dos mil\u00e9nios assumiram relev\u00e2ncia incontorn\u00e1vel.<\/p>\n\n\n\n<p>Se no in\u00edcio se dava primazia \u00e0 fixa\u00e7\u00e3o de caracter\u00edsticas funcionais que melhor dotavam os c\u00e3es para o trabalho, hoje h\u00e1 ra\u00e7as onde, de todo, essas caracter\u00edsticas n\u00e3o existem. Procura-se antes, caracter\u00edsticas que os tornem excelentes animais de companhia e, em outro dom\u00ednio, belos exemplares de participa\u00e7\u00e3o em exposi\u00e7\u00f5es e concursos de morfologia.<\/p>\n\n\n\n<p>O C\u00e3o da Serra de Aires, nas suas exclusivas peculiaridades que o diferenciam e evidenciam a n\u00edvel mundial &#8211; \u00e9 o \u00fanico c\u00e3o pastor de p\u00ealo comprido que n\u00e3o apresenta sub-p\u00ealo &#8211; alia de forma referencial duas caracter\u00edsticas: beleza e funcionalidade. De c\u00e3o humilde, com excepcionais aptid\u00f5es para o trabalho, fez uma not\u00e1vel transi\u00e7\u00e3o para exposi\u00e7\u00f5es de morfologia, obtendo resultados gloriosos em campeonatos nacionais e internacionais, sem, contudo, perder as suas caracter\u00edsticas diferenciadoras de c\u00e3o de pastor de condu\u00e7\u00e3o de rebanhos. Dotado de uma intelig\u00eancia excepcional, a sua personalidade \u00e9 marcante. \u00c9 um c\u00e3o r\u00fastico e vers\u00e1til, onde sobressai a sua grande adaptabilidade. <\/p>\n\n\n\n<p>O seu forte instinto de pastoreio impele-o a pastorear qualquer coisa. O que lhe \u00e9 mais natural, ovelhas e cabras, como tamb\u00e9m piaras de cavalos, manadas de vacas, varas de porcos, gansos, galinhas\u2026 Em passeios com a fam\u00edlia, n\u00e3o perde essa capacidade intr\u00ednseca, sendo not\u00f3rio o seu comportamento sempre alerta, em incans\u00e1vel movimento circular \u00e0 volta dos elementos familiares, tentando mant\u00ea-los juntos como se estes fossem o seu rebanho. Sendo um c\u00e3o criado e desenvolvido para o trabalho, foi essa capacidade singular aliada \u00e0 sua adaptabilidade que possibilitou a sua f\u00e1cil e eficaz passagem para c\u00e3o de guarda e de companhia, fun\u00e7\u00e3o mais compagin\u00e1vel com a viv\u00eancia dos nossos dias. Uma mais valia a respeitar e preservar e a ter em aten\u00e7\u00e3o nos julgamentos das provas de morfologia.<\/p>\n\n\n\n<p>De temperamento vincado, \u00e9 de grande fidelidade ao seu dono, dele se dizendo que \u201c<em>\u00e9 c\u00e3o de um s\u00f3 dono<\/em>\u201d, express\u00e3o comum, por muitos ami\u00fade repetida. Anci\u00e3os do seu solar, com mem\u00f3ria de factos de tempos passados, referem hist\u00f3rias de c\u00e3es que se recusaram a acompanhar o ajudante e o rebanho na aus\u00eancia do pastor. Esta liga\u00e7\u00e3o do c\u00e3o com o dono atesta bem o grande e s\u00f3lido car\u00e1cter que anima o C\u00e3o da Serra de Aires.&nbsp;<\/p>\n\n\n\n<p>Origin\u00e1rio do Alentejo, mais concretamente da freguesia de Santo Aleixo, concelho de Monforte, as suas origens perdem-se na mem\u00f3ria, dos tempos e das pessoas. O seu nome adv\u00e9m do Monte de Serra de Aires, propriedade do Conde de Castro Guimar\u00e3es. Perdura uma teoria que o c\u00e3o actual, na sua morfologia bem distinta e fixada, deriva de um pequeno c\u00e3o de pastoreio existente no Alentejo, que o Conde de Castro Guimar\u00e3es, atrav\u00e9s de um seu feitor de origem francesa, melhorou, cruzando-o com c\u00e3es origin\u00e1rios de Fran\u00e7a, da ra\u00e7a Berger de Brie, conhecido, tamb\u00e9m, por Briard.<\/p>\n\n\n\n<p>Em ambiente aberto como o Alentejo, as longas dist\u00e2ncias, a grande dispers\u00e3o de propriedades e povoa\u00e7\u00f5es, a generalizada priva\u00e7\u00e3o que afectava as suas popula\u00e7\u00f5es, admitir que o trabalho de selec\u00e7\u00e3o e reprodu\u00e7\u00e3o levado a cabo, no dealbar do s\u00e9c. XX, na propriedade do Monte de Serra de Aires, se propagou e controlou o efectivo da ra\u00e7a em toda a sua regi\u00e3o de dispers\u00e3o, poder\u00e1 encontrar dificuldades de sustenta\u00e7\u00e3o. Desde logo, devido ao grande n\u00famero de efectivos \u00e0 data existentes, com caracter\u00edsticas morfol\u00f3gicas e comportamentais bem definidas e fixadas. Teria, ainda, de se admitir, que a partir de certo momento, e em dada altura, os efectivos teriam como proveni\u00eancia o Monte de Serra de Aires, com pouca ou nenhuma influ\u00eancia externa nova a entrar na ra\u00e7a, o que n\u00e3o \u00e9 plaus\u00edvel dada a pr\u00e1tica secular da transum\u00e2ncia que, at\u00e9 tempos n\u00e3o muito distantes, sempre ocorreu entre a regi\u00e3o da Serra da Estrela, a norte, e as plan\u00edcies alentejanas. Estudos realizados sobre a diversidade do DNA mitocondrial de ra\u00e7as aut\u00f3ctones portuguesas comprovam isso mesmo, a exist\u00eancia de partilha de hapl\u00f3tipos entre o C\u00e3o da Serra da Estrela e o C\u00e3o da Serra de Aires. Ali\u00e1s, as migra\u00e7\u00f5es de popula\u00e7\u00f5es e animais em tempos hist\u00f3ricos, s\u00e3o entendidas e comummente aceites como o grande factor de dispers\u00e3o e de surgimento de novas ra\u00e7as.<\/p>\n\n\n\n<p>Sem nunca ter sido um c\u00e3o muito conhecido fora da sua regi\u00e3o de origem, como c\u00e3o de trabalho o C\u00e3o da Serra de Aires era muito popular e utilizado, abarcando a sua distribui\u00e7\u00e3o as planuras do Alentejo e do Ribatejo. Essencial para a condu\u00e7\u00e3o dos rebanhos entre zonas de pastagem, a sua grande intelig\u00eancia tornava-o ex\u00edmio no seu controle durante a passagem pela bordadura e proximidade de terrenos cultivados.<\/p>\n\n\n\n<p>Fiel ao rebanho e ao dono, territorial, discreto e reservado, por norma, n\u00e3o d\u00e1 a m\u00e3o a estranhos. Estas caracter\u00edsticas foram, por certo, procuradas e perpetuadas nos cruzamentos de sucessivas gera\u00e7\u00f5es, muito por for\u00e7a do grande isolamento que a imensid\u00e3o das plan\u00edcies alentejanas sempre imp\u00f4s aos seus residentes. A geografia peneplana do Alentejo, onde s\u00e3o raros e quase inexistentes os grandes acidentes orogr\u00e1ficos, dificultava o confinamento do rebanho e promovia o risco de dispers\u00e3o dos animais. Era, por isso, necess\u00e1rio um c\u00e3o com grande percep\u00e7\u00e3o territorial, animado de sentidos de guarda e protec\u00e7\u00e3o e que n\u00e3o se deixasse seduzir por eventuais aliciamentos de estranhos que porventura junto dele arrivassem. O pastor n\u00e3o podia arriscar a ficar sem o seu fiel companheiro e ex\u00edmio auxiliar.<\/p>\n\n\n\n<p>Embora a guarda tamb\u00e9m pudesse ser exercida pelo C\u00e3o da Serra de Aires, essa fun\u00e7\u00e3o era preferencialmente atribu\u00edda a um outro can\u00eddeo de maior porte, tamb\u00e9m aut\u00f3ctone, o Rafeiro do Alentejo. O pequeno porte do C\u00e3o da Serra de Aires facilitava o sustento, quando, ao tempo, a frugalidade da alimenta\u00e7\u00e3o era ditada pela priva\u00e7\u00e3o e escassez de alimento. Por outro lado, na mordida que impunha respeito e ordem, as ovelhas n\u00e3o eram t\u00e3o castigadas.<\/p>\n\n\n\n<p>A partir da d\u00e9cada de 50-60 do S\u00e9culo XX, as novas pr\u00e1ticas agr\u00edcolas e a extensa utiliza\u00e7\u00e3o de aramado na delimita\u00e7\u00e3o das propriedades ditaram o decl\u00ednio dos efectivos da ra\u00e7a. A sua fun\u00e7\u00e3o j\u00e1 n\u00e3o era t\u00e3o necess\u00e1ria. Mas foi nesta altura, que um aturado trabalho de prospec\u00e7\u00e3o permitiu identificar os animais que serviram de refer\u00eancia \u00e0 elabora\u00e7\u00e3o do primeiro estal\u00e3o da ra\u00e7a, publicado em 1954. Datam, tamb\u00e9m, destes anos iniciais, o registo dos primeiros animais inscritos no Livro de Origens Portugu\u00eas: Montemor (5.947), Arr\u00e1bida (5.994), Massanica (5.999) e Pulg\u00e3o (6.000).<\/p>\n\n\n\n<p>O estal\u00e3o de 1954 definia para os machos uma altura ao garrote de 42 a 48 cm, e para as f\u00eameas de 40 a 46 cm. A \u00faltima revis\u00e3o do estal\u00e3o, bem detalhada e pormenorizada, publicada em 2008, define alturas de 45 a 55 cm e de 42 a 52 cm, respectivamente para machos e f\u00eameas. N\u00e3o ser\u00e1 alheio a este crescimento dos c\u00e3es, a altera\u00e7\u00e3o da sua fun\u00e7\u00e3o primordial de c\u00e3o de condu\u00e7\u00e3o e de protec\u00e7\u00e3o e guarda de rebanhos para animal de companhia, ao qual estar\u00e1 associado a introdu\u00e7\u00e3o na alimenta\u00e7\u00e3o de ra\u00e7\u00f5es que apregoam conterem os ingredientes necess\u00e1rios a uma alimenta\u00e7\u00e3o completa que promove a sa\u00fade e o bem-estar animal.<\/p>\n\n\n\n<p>As exposi\u00e7\u00f5es e os concursos de morfologia podem, tamb\u00e9m eles, estar a promover a altera\u00e7\u00e3o das caracter\u00edsticas morfol\u00f3gicas t\u00edpicas. Nem sempre orientadas por cit\u00e9rios relacionados com a fun\u00e7\u00e3o, essas altera\u00e7\u00f5es podem fazer emergir uma diverg\u00eancia morfol\u00f3gica entre os c\u00e3es de trabalho e os c\u00e3es de exposi\u00e7\u00e3o. \u00c9 importante para o futuro da ra\u00e7a que se mantenha uma permanente supervis\u00e3o do tipo morfol\u00f3gico e que se promova o cruzamento controlado entre animais de exposi\u00e7\u00e3o e de trabalho, para assim se evitarem diverg\u00eancias indesej\u00e1veis da sua morfologia t\u00edpica. Por indissoci\u00e1vel, imp\u00f5e-se igualmente preservar o temperamento de trabalho do C\u00e3o da Serra de Aires, garante do seu car\u00e1cter e habilidade natural. A morfologia e o temperamento s\u00e3o pilares estruturais da fun\u00e7\u00e3o. O C\u00e3o da Serra de Aires \u00e9, inquestionavelmente, um relevante componente do patrim\u00f3nio gen\u00e9tico portugu\u00eas. A sua tipicidade e unicidade conferem-lhe atributos exclusivos que importa defender e preservar. A sua hist\u00f3ria \u00e9 uma hist\u00f3ria de sobreviv\u00eancia. Uma sobreviv\u00eancia amoldada por uma rusticidade constru\u00edda nas agruras da adversidade, que um temperamento convicto e uma intelig\u00eancia excepcional guindou para um lugar cimeiro e referencial das ra\u00e7as portuguesas.<\/p>\n","protected":false},"excerpt":{"rendered":"<p>A hist\u00f3ria de uma ra\u00e7a \u00e9 o conhecimento que resulta da jun\u00e7\u00e3o da base documental escrita com as tradi\u00e7\u00f5es e contos transmitidos de gera\u00e7\u00e3o em gera\u00e7\u00e3o. No fundo, da cultura dos povos. Contudo, h\u00e1 um factor comum a todas as ra\u00e7as caninas actuais. Todas elas est\u00e3o indelevelmente ligadas \u00e0 evolu\u00e7\u00e3o das civiliza\u00e7\u00f5es e da humanidade, &hellip; <\/p>\n<p class=\"link-more\"><a href=\"https:\/\/cpcsa.pt\/?page_id=998\" class=\"more-link\">Continuar a ler <span class=\"screen-reader-text\">&#8220;Hist\u00f3ria da ra\u00e7a&#8221;<\/span><\/a><\/p>\n","protected":false},"author":1,"featured_media":0,"parent":0,"menu_order":0,"comment_status":"closed","ping_status":"closed","template":"","meta":{"ngg_post_thumbnail":0},"_links":{"self":[{"href":"https:\/\/cpcsa.pt\/index.php?rest_route=\/wp\/v2\/pages\/998"}],"collection":[{"href":"https:\/\/cpcsa.pt\/index.php?rest_route=\/wp\/v2\/pages"}],"about":[{"href":"https:\/\/cpcsa.pt\/index.php?rest_route=\/wp\/v2\/types\/page"}],"author":[{"embeddable":true,"href":"https:\/\/cpcsa.pt\/index.php?rest_route=\/wp\/v2\/users\/1"}],"replies":[{"embeddable":true,"href":"https:\/\/cpcsa.pt\/index.php?rest_route=%2Fwp%2Fv2%2Fcomments&post=998"}],"version-history":[{"count":24,"href":"https:\/\/cpcsa.pt\/index.php?rest_route=\/wp\/v2\/pages\/998\/revisions"}],"predecessor-version":[{"id":1145,"href":"https:\/\/cpcsa.pt\/index.php?rest_route=\/wp\/v2\/pages\/998\/revisions\/1145"}],"wp:attachment":[{"href":"https:\/\/cpcsa.pt\/index.php?rest_route=%2Fwp%2Fv2%2Fmedia&parent=998"}],"curies":[{"name":"wp","href":"https:\/\/api.w.org\/{rel}","templated":true}]}}

História da raça

<p>A história de uma raça é o conhecimento que resulta da junção da base documental escrita com as tradições e contos transmitidos de geração em geração. No fundo, da cultura dos povos. Contudo, há um factor comum a todas as raças caninas actuais. Todas elas estão indelevelmente ligadas à evolução das civilizações e da humanidade, onde as migrações planetárias que foram ocorrendo ao longo dos milénios assumiram relevância incontornável.</p>



<p>Se no início se dava primazia à fixação de características funcionais que melhor dotavam os cães para o trabalho, hoje há raças onde, de todo, essas características não existem. Procura-se antes, características que os tornem excelentes animais de companhia e, em outro domínio, belos exemplares de participação em exposições e concursos de morfologia.</p>



<p>O Cão da Serra de Aires, nas suas exclusivas peculiaridades que o diferenciam e evidenciam a nível mundial &#8211; é o único cão pastor de pêlo comprido que não apresenta sub-pêlo &#8211; alia de forma referencial duas características: beleza e funcionalidade. De cão humilde, com excepcionais aptidões para o trabalho, fez uma notável transição para exposições de morfologia, obtendo resultados gloriosos em campeonatos nacionais e internacionais, sem, contudo, perder as suas características diferenciadoras de cão de pastor de condução de rebanhos. Dotado de uma inteligência excepcional, a sua personalidade é marcante. É um cão rústico e versátil, onde sobressai a sua grande adaptabilidade. </p>



<p>O seu forte instinto de pastoreio impele-o a pastorear qualquer coisa. O que lhe é mais natural, ovelhas e cabras, como também piaras de cavalos, manadas de vacas, varas de porcos, gansos, galinhas… Em passeios com a família, não perde essa capacidade intrínseca, sendo notório o seu comportamento sempre alerta, em incansável movimento circular à volta dos elementos familiares, tentando mantê-los juntos como se estes fossem o seu rebanho. Sendo um cão criado e desenvolvido para o trabalho, foi essa capacidade singular aliada à sua adaptabilidade que possibilitou a sua fácil e eficaz passagem para cão de guarda e de companhia, função mais compaginável com a vivência dos nossos dias. Uma mais valia a respeitar e preservar e a ter em atenção nos julgamentos das provas de morfologia.</p>



<p>De temperamento vincado, é de grande fidelidade ao seu dono, dele se dizendo que “<em>é cão de um só dono</em>”, expressão comum, por muitos amiúde repetida. Anciãos do seu solar, com memória de factos de tempos passados, referem histórias de cães que se recusaram a acompanhar o ajudante e o rebanho na ausência do pastor. Esta ligação do cão com o dono atesta bem o grande e sólido carácter que anima o Cão da Serra de Aires.&nbsp;</p>



<p>Originário do Alentejo, mais concretamente da freguesia de Santo Aleixo, concelho de Monforte, as suas origens perdem-se na memória, dos tempos e das pessoas. O seu nome advém do Monte de Serra de Aires, propriedade do Conde de Castro Guimarães. Perdura uma teoria que o cão actual, na sua morfologia bem distinta e fixada, deriva de um pequeno cão de pastoreio existente no Alentejo, que o Conde de Castro Guimarães, através de um seu feitor de origem francesa, melhorou, cruzando-o com cães originários de França, da raça Berger de Brie, conhecido, também, por Briard.</p>



<p>Em ambiente aberto como o Alentejo, as longas distâncias, a grande dispersão de propriedades e povoações, a generalizada privação que afectava as suas populações, admitir que o trabalho de selecção e reprodução levado a cabo, no dealbar do séc. XX, na propriedade do Monte de Serra de Aires, se propagou e controlou o efectivo da raça em toda a sua região de dispersão, poderá encontrar dificuldades de sustentação. Desde logo, devido ao grande número de efectivos à data existentes, com características morfológicas e comportamentais bem definidas e fixadas. Teria, ainda, de se admitir, que a partir de certo momento, e em dada altura, os efectivos teriam como proveniência o Monte de Serra de Aires, com pouca ou nenhuma influência externa nova a entrar na raça, o que não é plausível dada a prática secular da transumância que, até tempos não muito distantes, sempre ocorreu entre a região da Serra da Estrela, a norte, e as planícies alentejanas. Estudos realizados sobre a diversidade do DNA mitocondrial de raças autóctones portuguesas comprovam isso mesmo, a existência de partilha de haplótipos entre o Cão da Serra da Estrela e o Cão da Serra de Aires. Aliás, as migrações de populações e animais em tempos históricos, são entendidas e comummente aceites como o grande factor de dispersão e de surgimento de novas raças.</p>



<p>Sem nunca ter sido um cão muito conhecido fora da sua região de origem, como cão de trabalho o Cão da Serra de Aires era muito popular e utilizado, abarcando a sua distribuição as planuras do Alentejo e do Ribatejo. Essencial para a condução dos rebanhos entre zonas de pastagem, a sua grande inteligência tornava-o exímio no seu controle durante a passagem pela bordadura e proximidade de terrenos cultivados.</p>



<p>Fiel ao rebanho e ao dono, territorial, discreto e reservado, por norma, não dá a mão a estranhos. Estas características foram, por certo, procuradas e perpetuadas nos cruzamentos de sucessivas gerações, muito por força do grande isolamento que a imensidão das planícies alentejanas sempre impôs aos seus residentes. A geografia peneplana do Alentejo, onde são raros e quase inexistentes os grandes acidentes orográficos, dificultava o confinamento do rebanho e promovia o risco de dispersão dos animais. Era, por isso, necessário um cão com grande percepção territorial, animado de sentidos de guarda e protecção e que não se deixasse seduzir por eventuais aliciamentos de estranhos que porventura junto dele arrivassem. O pastor não podia arriscar a ficar sem o seu fiel companheiro e exímio auxiliar.</p>



<p>Embora a guarda também pudesse ser exercida pelo Cão da Serra de Aires, essa função era preferencialmente atribuída a um outro canídeo de maior porte, também autóctone, o Rafeiro do Alentejo. O pequeno porte do Cão da Serra de Aires facilitava o sustento, quando, ao tempo, a frugalidade da alimentação era ditada pela privação e escassez de alimento. Por outro lado, na mordida que impunha respeito e ordem, as ovelhas não eram tão castigadas.</p>



<p>A partir da década de 50-60 do Século XX, as novas práticas agrícolas e a extensa utilização de aramado na delimitação das propriedades ditaram o declínio dos efectivos da raça. A sua função já não era tão necessária. Mas foi nesta altura, que um aturado trabalho de prospecção permitiu identificar os animais que serviram de referência à elaboração do primeiro estalão da raça, publicado em 1954. Datam, também, destes anos iniciais, o registo dos primeiros animais inscritos no Livro de Origens Português: Montemor (5.947), Arrábida (5.994), Massanica (5.999) e Pulgão (6.000).</p>



<p>O estalão de 1954 definia para os machos uma altura ao garrote de 42 a 48 cm, e para as fêmeas de 40 a 46 cm. A última revisão do estalão, bem detalhada e pormenorizada, publicada em 2008, define alturas de 45 a 55 cm e de 42 a 52 cm, respectivamente para machos e fêmeas. Não será alheio a este crescimento dos cães, a alteração da sua função primordial de cão de condução e de protecção e guarda de rebanhos para animal de companhia, ao qual estará associado a introdução na alimentação de rações que apregoam conterem os ingredientes necessários a uma alimentação completa que promove a saúde e o bem-estar animal.</p>



<p>As exposições e os concursos de morfologia podem, também eles, estar a promover a alteração das características morfológicas típicas. Nem sempre orientadas por citérios relacionados com a função, essas alterações podem fazer emergir uma divergência morfológica entre os cães de trabalho e os cães de exposição. É importante para o futuro da raça que se mantenha uma permanente supervisão do tipo morfológico e que se promova o cruzamento controlado entre animais de exposição e de trabalho, para assim se evitarem divergências indesejáveis da sua morfologia típica. Por indissociável, impõe-se igualmente preservar o temperamento de trabalho do Cão da Serra de Aires, garante do seu carácter e habilidade natural. A morfologia e o temperamento são pilares estruturais da função. O Cão da Serra de Aires é, inquestionavelmente, um relevante componente do património genético português. A sua tipicidade e unicidade conferem-lhe atributos exclusivos que importa defender e preservar. A sua história é uma história de sobrevivência. Uma sobrevivência amoldada por uma rusticidade construída nas agruras da adversidade, que um temperamento convicto e uma inteligência excepcional guindou para um lugar cimeiro e referencial das raças portuguesas.</p>

<p>A história de uma raça é o conhecimento que resulta da junção da base documental escrita com as tradições e contos transmitidos de geração em geração. No fundo, da cultura dos povos. Contudo, há um factor comum a todas as raças caninas actuais. Todas elas estão indelevelmente ligadas à evolução das civilizações e da humanidade, &hellip; </p>
<p class="link-more"><a href="https://cpcsa.pt/?page_id=998" class="more-link">Continuar a ler <span class="screen-reader-text">&#8220;História da raça&#8221;</span></a></p>
