{"id":909,"date":"2020-05-03T11:02:14","date_gmt":"2020-05-03T10:02:14","guid":{"rendered":"http:\/\/arfar.com\/cpcsa\/?page_id=909"},"modified":"2021-05-17T17:46:43","modified_gmt":"2021-05-17T16:46:43","slug":"estalao-2","status":"publish","type":"page","link":"https:\/\/cpcsa.pt\/?page_id=909","title":{"rendered":"Estal\u00e3o"},"content":{"rendered":"<p>C\u00e3o de tamanho m\u00e9dio, sublongil\u00edneo, dotado de rusticidade e sobriedade apreci\u00e1veis, extremamente \u00e1gil e r\u00e1pido, com movimentos amplos e el\u00e1sticos, de p\u00ealo longo e textura c\u00e1prea, sem sub-p\u00ealo.<br>Tem atitudes e aspecto simiescos, pelo que na sua regi\u00e3o de origem, \u00e9 conhecido pelo nome de \u201cc\u00e3o macaco\u201d.<\/p>\n\n\n<p><strong>Estal\u00e3o<\/strong><br>Standard FCI N\u00ba 93 <br><br><strong>Origem<\/strong><br>Portugal<br><br><strong>Data de publica\u00e7\u00e3o do estal\u00e3o de origem em vigor<\/strong><br>04-11-2008.<br><br><strong>Utiliza\u00e7\u00e3o<\/strong><br>C\u00e3o de pastor para condu\u00e7\u00e3o e vigil\u00e2ncia de rebanhos.<\/p>\n\n\n\n<p><strong>Classifica\u00e7\u00e3o F.C.I.<\/strong><br>Grupo 1 \u2013 C\u00e3es de Pastor e C\u00e3es Boieiros (excepto Boieiros Su\u00ed\u00e7os).<br> Sec\u00e7\u00e3o 1 \u2013 C\u00e3es de Pastor. Sem prova de trabalho.<\/p>\n\n\n\n<p> <strong>Breve resumo hist\u00f3rico<\/strong> <br>C\u00e3o de gado origin\u00e1rio do Alentejo, utilizado na condu\u00e7\u00e3o e guarda de rebanhos de ovelhas e cabras, de su\u00ednos, de bovinos e de equinos. \u00c9 perfeitamente adaptado \u00e0 grande amplitude t\u00e9rmica desta regi\u00e3o e dotado de uma grande resist\u00eancia, o que lhe permite percorrer longas dist\u00e2ncias na condu\u00e7\u00e3o do gado pela plan\u00edcie Alentejana.<br><br><strong>Aspecto geral<\/strong><br>C\u00e3o de tamanho m\u00e9dio, sublongil\u00edneo, dotado de rusticidade e sobriedade apreci\u00e1veis, extremamente \u00e1gil e r\u00e1pido, com movimentos amplos e el\u00e1sticos, de p\u00ealo longo e textura c\u00e1prea, sem sub-p\u00ealo.<br>Tem atitudes e aspecto simiescos, pelo que na sua regi\u00e3o de origem, \u00e9 conhecido pelo nome de \u201cc\u00e3o macaco\u201d.<br><br> <strong>Propor\u00e7\u00f5es importantes<\/strong><br> O comprimento do corpo \u00e9 cerca de 10% superior \u00e0 altura ao garrote. A altura do peito \u00e9 menor do que 50% da altura ao garrote. O comprimento do chanfro \u00e9 igual a 2\/3 do comprimento do cr\u00e2nio. A largura do cr\u00e2nio \u00e9 ligeiramente inferior ao seu comprimento.<br><br><strong>Comportamento\/car\u00e1cter<\/strong><br>Excepcionalmente inteligente e muito vivo. De uma dedica\u00e7\u00e3o extrema ao pastor e ao rebanho que lhe \u00e9 confiado; \u00e9 distante perante os estranhos e vigilante de noite. Hoje em dia \u00e9 tamb\u00e9m um excelente c\u00e3o de companhia, de desporto e de guarda. Distingue-se pela forma h\u00e1bil como conduz e mant\u00e9m o gado nas pastagens e como encontra os animais tresmalhados. Sempre atento, sinaliza com sucesso a proximidade de predadores. Executa o seu trabalho com prazer. <br><br> <strong>Cabe\u00e7a<\/strong><br> De tamanho m\u00e9dio (mesatic\u00e9falo), forte, larga, nem comprida, nem pesada.<br><br> <strong>Regi\u00e3o craniana<\/strong><br> <em>Cr\u00e2nio<\/em> &#8211; A sua forma tende para o quadrado, com largura ligeiramente inferior ao comprimento; os eixos longitudinais craniofaciais s\u00e3o divergentes. \u00c9 abaulado nos dois eixos, mas mais lateralmente. As arcadas supraciliares n\u00e3o s\u00e3o salientes. O sulco frontal \u00e9 acentuado e estende-se at\u00e9 ao meio da fronte. A regi\u00e3o entre as orelhas \u00e9 quase plana e a protuber\u00e2ncia occipital \u00e9 aparente.<br><em>Stop<\/em> &#8211; bem marcado. <strong><br><br><\/strong> <strong>Regi\u00e3o facial<\/strong> <br><em>Trufa<\/em> &#8211; Bem vis\u00edvel, ligeiramente arrebitada, com narinas bem abertas, arredondada vista de frente, cil\u00edndrica e truncada quase verticalmente. De prefer\u00eancia preta, pode ter cor castanha (f\u00edgado) nos c\u00e3es amarelos e nos c\u00e3es castanhos, mas sempre mais escura do que a da pelagem.<br><em>Chanfro<\/em> &#8211; Curto, medindo dois ter\u00e7os do comprimento do cr\u00e2nio; quase cil\u00edndrico. A largura \u00e9 proporcional ao seu comprimento e \u00e0 sua forma. O seu perfil \u00e9 rectil\u00edneo ou ligeiramente c\u00f4ncavo.<br><em>L\u00e1bios<\/em> &#8211; Bem unidos e n\u00e3o sobrepostos, quase direitos, finos, firmes; da mesma cor da trufa.<br><em>Maxilas\/dentes<\/em> &#8211; Desenvolvimento normal, com perfeita oposi\u00e7\u00e3o das duas maxilas. Denti\u00e7\u00e3o completa; 42 dentes brancos e s\u00f3lidos. Articulada em tesoura; sendo aceite a articula\u00e7\u00e3o em pin\u00e7a.<br><em>Olhos<\/em> &#8211; De dimens\u00f5es m\u00e9dias; arredondados; de prefer\u00eancia de cor escura, mas nos c\u00e3es de cor castanha ou fulva podem ser de cor avel\u00e3 ou \u00e2mbar. S\u00e3o bem \u00e0 flor do rosto. A express\u00e3o \u00e9 viva, inteligente mas d\u00f3cil. As p\u00e1lpebras s\u00e3o abertas horizontalmente, pigmentadas de preto ou sempre mais escuras do que a cor da pelagem e de acordo com a cor da trufa.<em><br>Orelhas<\/em> &#8211; Inseridas alto; pendentes e n\u00e3o dobradas; triangulares, finas e lisas. De tamanho m\u00e9dio, de comprimento igual \u00e0 largura (com cerca de 10 cm).<br><br> <strong>Pesco\u00e7o<\/strong><br> Liga\u00e7\u00e3o harmoniosa com a cabe\u00e7a e com o tronco, de comprimento m\u00e9dio, direito e ligeiramente subido, espessura m\u00e9dia e bem musculado, sem barbela.<br><br> <strong>Tronco<\/strong><br> <em>Linha superior &#8211; <\/em>Horizontal ou ligeiramente mergulhante.<br><em>Garrote<\/em> &#8211; Forte e ligado harmoniosamente com o pesco\u00e7o e com o dorso.<br><em>Dorso<\/em> &#8211; Direito ou ligeiramente mergulhante e comprido; o seu comprimento \u00e9 quase o dobro do comprimento do rim. A sua musculatura \u00e9 forte.<br><em>Lombo\/Rim<\/em> &#8211; Curto, largo e encurvado, bem musculado e bem ligado ao dorso e \u00e0 garupa.<br><em>Garupa<\/em> &#8211; Ligeiramente proeminente e desca\u00edda suavemente; de comprimento e largura m\u00e9dios; musculatura forte.<br><em>Peito<\/em> &#8211; Bem descido ao cotovelo; de altura e largura m\u00e9dias. As costelas s\u00e3o ligeiramente arqueadas, obl\u00edquas para tr\u00e1s; o esterno \u00e9 saliente, largo, bem descido para tr\u00e1s. Regi\u00e3o do esterno ampla.<br><em>Linha inferior e Ventre<\/em> &#8211; Subida, ventre medianamente volumoso; flancos ligeiramente subidos.<br><br> <strong>Cauda<\/strong> <br> Inser\u00e7\u00e3o alta; pontiaguda; tocando o jarrete. Afilando desde a raiz; o p\u00ealo \u00e9 abundante e comprido.<br>Em repouso cai entre as coxas; mais ou menos arqueada e curva na extremidade. Em ac\u00e7\u00e3o estende-se acima do dorso, ligeiramente curvada por cima do dorso, mas nunca deve cair sobre o dorso.<strong><br><br><\/strong> <strong>Membros<\/strong><br> <em><strong>Membros anteriores<\/strong><\/em><strong> <\/strong>&#8211; Fortes, bem aprumados vistos de frente e de perfil e bem afastados. A dist\u00e2ncia do cotovelo ao garrote \u00e9 ligeiramente inferior \u00e0 do cotovelo ao solo.<br><em>Ombros<\/em> &#8211; De comprimento m\u00e9dio; inclina\u00e7\u00e3o de 45\u00ba; bem musculados. \u00c2ngulo esc\u00e1pulo-umeral de 90\u00ba.<br><em>Bra\u00e7os<\/em> &#8211; Fortes de comprimento m\u00e9dio; com inclina\u00e7\u00e3o de 45\u00ba. Bem musculados.<br><em>Cotovelos<\/em> &#8211; Paralelos, junto ao peito. \u00c2ngulo \u00famero-radial de 135\u00ba.<br><em>Antebra\u00e7os<\/em> &#8211; Compridos; verticais e bem musculados; ossatura m\u00e9dia.<br><em>Carpos<\/em> &#8211; Secos e n\u00e3o salientes.<br><em>Metacarpos<\/em> &#8211; De comprimento m\u00e9dio e espessura regular; n\u00e3o muito inclinados nem totalmente aprumados.<br> <em>M\u00e3os<\/em> &#8211; Arredondadas, n\u00e3o espalmadas; dedos compridos e unidos, bem curvados. Unhas compridas, fortes e de cor preta ou mais escuras do que a cor da pelagem. Almofadas espessas e duras.<\/p>\n\n\n\n<p> <strong><em>Membros posteriores<\/em><\/strong> &#8211; De largura m\u00e9dia, s\u00e3o bem aprumados vistos de tr\u00e1s. Fortes, d\u00e3o uma perfeita impress\u00e3o de pot\u00eancia e agilidade.<br>Coxas &#8211; De comprimento e largura m\u00e9 dios; bem musculadas. \u00c2ngulo de articula\u00e7\u00e3o coxo-femural de cerca de 105\u00ba.<br><em>Joelhos &#8211;<\/em> Direitos, sem desvios para fora ou para dentro. Articula\u00e7\u00e3o f\u00e9muro-tibial forma um \u00e2ngulo de cerca de 130\u00ba.<br><em>Pernas<\/em> &#8211; Compridas; pouco inclinadas; bem musculadas; ossatura forte.<br><em>Jarretes<\/em> &#8211; Largura m\u00e9dia; mais baixos do que altos; fortes e secos; \u00e2ngulo do jarrete de cerca de 120\u00ba.<br><em>Metatarsos<\/em> &#8211; Comprimento e espessura m\u00e9dios, mas fortes; n\u00e3o muito inclinados para baixo nem para a frente; podem apresentar presunhos simples ou duplos.<br><em>P\u00e9s<\/em> &#8211; Em tudo id\u00eanticos \u00e0s m\u00e3os.<\/p>\n\n\n\n<p> <strong>Andamento\/Movimento<\/strong><br>Principalmente um trote ligeiro e el\u00e1stico; movimentos de grande amplitude. O galope \u00e9 en\u00e9rgico, quando o trabalho o exige.<\/p>\n\n\n\n<p> <strong>Pele<\/strong><br> Espessa, el\u00e1stica, n\u00e3o \u00e9 muito tensa. As mucosas s\u00e3o de prefer\u00eancia, pigmentadas. <\/p>\n\n\n\n<p> <strong>Pelagem<\/strong><br> <em>P\u00ealo &#8211;<\/em> Liso ou pouco ondulado; comprido; textura ligeiramente \u00e1spera e preferencialmente c\u00e1prea. Forma uma longa barba, um bigode e sobrancelhas, mas n\u00e3o cobre os olhos. Denso e igualmente repartido por todo o corpo, incluindo os espa\u00e7os interdigitais. O p\u00ealo \u00e9 de grossura m\u00e9dia. Aus\u00eancia de subp\u00ealo ou de p\u00ealo lanoso. P\u00ealo muito longo na cabe\u00e7a, no tronco e membros, incluindo os espa\u00e7os interdigitais.<br><em>Cor<\/em> &#8211; Amarelo, castanho, cinzento, fulvo e lobeiro (fulvo cor de carv\u00e3o), com as variedades claro, m\u00e9dio e escuro, e preto (mais ou menos afogueadas, mas nunca matizado de branco), \u00e0 excep\u00e7\u00e3o de uma pequena mancha no peitoral.<\/p>\n\n\n\n<p> <strong>Altura e peso<\/strong><br> <em>Altura ao garrote<\/em>:<br>Machos: 45-55 cm.<br>F\u00eameas: 42-52 cm.<br>Peso: 17-27 Kg.<\/p>\n\n\n\n<p> <strong>Defeitos<\/strong> <br> Qualquer desvio em rela\u00e7\u00e3o ao estal\u00e3o deve ser considerado como defeito e penalizado de acordo com a sua gravidade e das suas consequ\u00eancias na sa\u00fade e bem-estar do c\u00e3o.<\/p>\n\n\n\n<p> <strong>Defeitos graves<\/strong><br> <em>Comportamento<\/em> &#8211; Exemplares nervosos e desequilibrados.<br><em>Maxilas<\/em> &#8211; M\u00e1 implanta\u00e7\u00e3o dent\u00e1ria, falta de dois pr\u00e9-molares, excepto os PM1.<br><em>Stop<\/em> &#8211; Pouco marcado.<br><em>Trufa<\/em> &#8211; Pontiaguda.<br><em>L\u00e1bios<\/em> &#8211; Sobrepostos ou pendentes.<br><em>Olhos<\/em> &#8211; Claros, pequenos, n\u00e3o arredondados ou obl\u00edquos.<br><em>Orelhas<\/em> &#8211; Dobradas ou em rosa.<br><em>Peitoral<\/em> &#8211; Falta de amplitude.<br><em>Peito<\/em> &#8211; Acima do cotovelo; costelas planas.<br><em>Linha Superior<\/em> &#8211; Enselada ou muito descida.<br><em>Garupa<\/em> &#8211; Horizontal ou muito descida.<br><em>Linha Inferior<\/em> &#8211; Arrega\u00e7ada.<br><em>Membros<\/em> &#8211; M\u00e3os ou p\u00e9s desviados, jarretes de vaca, angula\u00e7\u00e3o posterior demasiado recta.<br><em>Cauda<\/em> &#8211; Inser\u00e7\u00e3o baixa, curta ou enrolada sobre o dorso em repouso.<br>Unhas &#8211; Brancas.<br><em>P\u00ealo<\/em> &#8211; N\u00e3o muito \u00e1spero, nem muito comprido.<br><em>Cor<\/em> &#8211; Mancha branca muito larga no peitoral; afogueados muito claros.<br><em>Andamentos<\/em> &#8211; Falta de amplitude, n\u00e3o el\u00e1sticos, com os cotovelos ligeiramente afastados do corpo e\/ou os posteriores chegados.<\/p>\n\n\n\n<p> <strong>Defeitos eliminat\u00f3rios (desqualifica\u00e7\u00f5es)<\/strong><br><em>Comportamento<\/em> &#8211; Exemplar agressivo ou demasiado t\u00edmido.<br><em>Aspecto geral<\/em> &#8211; Exemplar linf\u00e1tico, ossatura ligeira, grave desvio das propor\u00e7\u00f5es importantes.<br><em>Cabe\u00e7a <\/em>&#8211; Estreita e comprida.<br><em>Cr\u00e2nio <\/em>&#8211; Plano, maci\u00e7o ou estreito.<br><em>Orelhas <\/em>&#8211; Inser\u00e7\u00e3o baixa, ou muito afastadas, erguidas ou semi-erguidas.<br><em>Chanfro <\/em>&#8211; De perfil convexo.<br><em>Maxilas <\/em>&#8211; Prognatismo inferior ou superior, falta de mais de dois pr\u00e9-molares (excepto os PM1).<br><em>Pigmenta\u00e7\u00e3o <\/em>&#8211; Aus\u00eancia total de pigmenta\u00e7\u00e3o na trufa, nas p\u00e1lpebras e nos l\u00e1bios (albinismo).<br><em>Cauda<\/em>&#8211; cortada ou anuro (aus\u00eancia de nascen\u00e7a).<br><em>P\u00ealo <\/em>&#8211; Curto, frisado, encaracolado, ou com subp\u00ealo.<br><em>Cor <\/em>&#8211; Branco nas extremidades dos membros ou matizados de branco. Aus\u00eancia de marcas de cor do fogo nos c\u00e3es adultos de pelagem castanha, cinzenta ou preta.<br><em>Andamentos <\/em>&#8211; Muito encurtados e pesados, ou com grave desvio de aprumos, fragilidade.<br><em>Altura <\/em>&#8211; Exemplares muito grandes ou muito pequenos.<\/p>\n\n\n\n<p> Todo o c\u00e3o que apresentar, de forma evidente, anomalias de ordem f\u00edsica ou comportamental deve ser desqualificado.<\/p>\n\n\n\n<p><strong>Nota<\/strong>: Os machos devem apresentar os dois test\u00edculos, de apar\u00eancia normal, bem descidos no escroto.<\/p>\n\n\n<p><!--StartFragment--><\/p>\n\n\n<p><\/p>\n\n\n<p><!--EndFragment--><\/p>\n<p><\/p>\n\n\n<div class=\"wp-block-image\"><figure class=\"aligncenter size-large\"><img loading=\"lazy\" width=\"1024\" height=\"822\" src=\"http:\/\/cpcsa.pt\/wp-content\/uploads\/2020\/05\/SA-Ilustracao-1024x822.jpg\" alt=\"Labareda do Magoito\" class=\"wp-image-843\" srcset=\"https:\/\/cpcsa.pt\/wp-content\/uploads\/2020\/05\/SA-Ilustracao-1024x822.jpg 1024w, https:\/\/cpcsa.pt\/wp-content\/uploads\/2020\/05\/SA-Ilustracao-300x241.jpg 300w, https:\/\/cpcsa.pt\/wp-content\/uploads\/2020\/05\/SA-Ilustracao-768x616.jpg 768w, https:\/\/cpcsa.pt\/wp-content\/uploads\/2020\/05\/SA-Ilustracao.jpg 1276w\" sizes=\"(max-width: 767px) 89vw, (max-width: 1000px) 54vw, (max-width: 1071px) 543px, 580px\" \/><figcaption>Labareda do Magoito (Hil\u00e1rio x Geada)<br>Ilustra\u00e7\u00e3o de Jos\u00e9 Rom\u00e3o, 1987<\/figcaption><\/figure><\/div>\n\n\n\n<p><\/p>\n\n\n<p><!--EndFragment--><\/p>\n<p><\/p>","protected":false},"excerpt":{"rendered":"<p>C\u00e3o de tamanho m\u00e9dio, sublongil\u00edneo, dotado de rusticidade e sobriedade apreci\u00e1veis, extremamente \u00e1gil e r\u00e1pido, com movimentos amplos e el\u00e1sticos, de p\u00ealo longo e textura c\u00e1prea, sem sub-p\u00ealo.Tem atitudes e aspecto simiescos, pelo que na sua regi\u00e3o de origem, \u00e9 conhecido pelo nome de \u201cc\u00e3o macaco\u201d. Estal\u00e3oStandard FCI N\u00ba 93 OrigemPortugal Data de publica\u00e7\u00e3o do &hellip; <\/p>\n<p class=\"link-more\"><a href=\"https:\/\/cpcsa.pt\/?page_id=909\" class=\"more-link\">Continuar a ler <span class=\"screen-reader-text\">&#8220;Estal\u00e3o&#8221;<\/span><\/a><\/p>\n","protected":false},"author":1,"featured_media":0,"parent":0,"menu_order":0,"comment_status":"closed","ping_status":"closed","template":"","meta":{"ngg_post_thumbnail":0},"_links":{"self":[{"href":"https:\/\/cpcsa.pt\/index.php?rest_route=\/wp\/v2\/pages\/909"}],"collection":[{"href":"https:\/\/cpcsa.pt\/index.php?rest_route=\/wp\/v2\/pages"}],"about":[{"href":"https:\/\/cpcsa.pt\/index.php?rest_route=\/wp\/v2\/types\/page"}],"author":[{"embeddable":true,"href":"https:\/\/cpcsa.pt\/index.php?rest_route=\/wp\/v2\/users\/1"}],"replies":[{"embeddable":true,"href":"https:\/\/cpcsa.pt\/index.php?rest_route=%2Fwp%2Fv2%2Fcomments&post=909"}],"version-history":[{"count":13,"href":"https:\/\/cpcsa.pt\/index.php?rest_route=\/wp\/v2\/pages\/909\/revisions"}],"predecessor-version":[{"id":1287,"href":"https:\/\/cpcsa.pt\/index.php?rest_route=\/wp\/v2\/pages\/909\/revisions\/1287"}],"wp:attachment":[{"href":"https:\/\/cpcsa.pt\/index.php?rest_route=%2Fwp%2Fv2%2Fmedia&parent=909"}],"curies":[{"name":"wp","href":"https:\/\/api.w.org\/{rel}","templated":true}]}}